emainder when 321 is divided by z.
22
Let q = -45 - -45. Suppose q = -58*s + 56*s + 4. Suppose -a = -s, -5*v - 5*a = -0*v - 330. What is the remainder when v is divided by 17?
13
Suppose 43*l - 7344 = 17*l - 25*l. Let n(s) = -2*s**3 - 7*s**2 - 7*s - 6. What is the remainder when l is divided by n(-4)?
30
Let m(t) = 3*t**2 + 44*t - 361. Calculate the remainder when m(8) is divided by 126.
57
Let a = -4044 + 4071. Let k = -3 + 6. Suppose 55 = 5*n - 4*g, 0 = 2*n + 5*g - k*g - 40. Calculate the remainder when a is divided by n.
12
Let i = -25481 + 26245. What is the remainder when i is divided by 203?
155
Suppose -14 = -11*c + 206. Let d = 283 - c. Calculate the remainder when d is divided by 5.
3
Let b be (-2)/10 + (-600)/(-500). What is the remainder when 117*(3/9)/b is divided by 25?
14
Let f = -133199 - -133248. Calculate the remainder when -2 + (3 - 2)*196 is divided by f.
47
Suppose -27 - 93 = -15*r. Suppose -2*j + 247 = 5*t, t + 341 = -4*j + 844. Suppose -r*i = -i - j. What is the remainder when 88 is divided by i?
16
Let v(m) = m**3 + 11*m**2 - 3*m - 30. Let x be v(-11). Let f(j) = -j**2 + 6 - j - 5*j**x - 4*j + 2*j - 9. What is the remainder when f(-2) is divided by 21?
18
Suppose -27*r = -2 + 29. Let j(z) = 45*z**2 + 3*z + 6. What is the remainder when j(r) is divided by 25?
23
Suppose 260 = 3*o - k, 192 = 2*o - k + 20. Calculate the remainder when 237 is divided by o.
61
Let j(k) = -k**3 + 10*k**2 - 11*k - 3. Suppose 0 = -7*n + 26 + 30. Suppose -n*p = -33 - 31. Calculate the remainder when j(p) is divided by 8.
5
Suppose -2*s + 18 + 50 = 0. Suppose 0 = -5*q - 36 + 11, 0 = 5*i - 3*q - 840. Calculate the remainder when i is divided by s.
29
Let g(c) = 2*c**2 - 41*c + 8. Let f(a) = -a**2 + 21*a - 5. Let j(d) = -5*f(d) - 3*g(d). What is the remainder when j(7) is divided by 27?
24
Let b be 8/6*(-51)/(-34). Suppose 4*n - 191 = -2*x + 229, 5*x + 186 = b*n. Let z = -32 + 68. Calculate the remainder when n is divided by z.
31
Suppose 14*d - 1561 = -63. What is the remainder when 960 is divided by d?
104
Let t be (-2750)/(-1) - (-4 + 6)/1. Suppose -9*m - 264 = -t. What is the remainder when m is divided by 31?
28
Suppose -58*p + 46*p - 69*p = -13122. What is the remainder when 9071 is divided by p?
161
Let z(b) be the first derivative of -b**4/4 + 2*b**3/3 - 3*b**2/2 + 32*b - 185. Calculate the remainder when 734 is divided by z(0).
30
Let x(n) = n**2 + 56*n + 166. What is the remainder when x(6) is divided by 133?
6
Let g(s) = -s**3 + 8*s**2 - 7*s + 24. Let u be g(4). Suppose -11*t + n = -9*t - 45, -u = -2*t + 4*n. What is the remainder when 97 is divided by t?
17
Let a(u) = -u**2 + 83*u - 579. Suppose -4*k + 113 = -3*d, -7 = -k + 3*d + 2*d. What is the remainder when a(9) is divided by k?
23
Let t = 77443 - 50076. Calculate the remainder when t is divided by 11.
10
Let y be ((-561)/(-44))/((-3)/(-152)). Let l = y - 639. What is the remainder when 257 is divided by l?
5
Suppose -15*t = -26*t + 55*t - 12672. What is the remainder when t is divided by 280?
8
Suppose -2*d + j - 102 = 0, 3*d + 266 = -2*d - 3*j. Let q(b) = -b**3 - 52*b**2 - 4*b - 157. What is the remainder when 148 is divided by q(d)?
46
Suppose 88*l = 142*l - 10908. What is the remainder when 605 is divided by l?
201
Suppose 4*a = -2*a + 12. Suppose -4*n + 4*c + 56 = 0, -a*n + 6*n + 2*c = 56. Calculate the remainder when 52 is divided by n.
10
Suppose 5*x + 8*m - 6*m = -156, -2*m - 60 = 2*x. Let z = x - -80. Calculate the remainder when 191 is divided by z.
47
Let j be -24 + 23 + -1*4. Let z be 5/(0 - j)*-2. What is the remainder when 88 is divided by (z + 0)/((-6)/135)?
43
Suppose 4*c - 367 = 37. What is the remainder when ((-168)/5)/((-95)/1425) is divided by c?
100
Let t(g) = 5*g**2 + 2*g. Let x be t(0). Let d(q) = 2*q**2 - 3*q + 19. Let z(p) = 7*p - 6. What is the remainder when z(6) is divided by d(x)?
17
Suppose 96 = 3*y + y. What is the remainder when y is divided by -3 + -1 - (156/(-260) - (-224)/(-10))?
5
Suppose -6*t = -8*t + 124. Let u = 309 - 212. Suppose -u = -5*i - 32. Calculate the remainder when t is divided by i.
10
Let g = 19046 - 17957. Calculate the remainder when g is divided by 4.
1
Let d = 261 + -258. Suppose 0 = d*v - 188 - 19. Calculate the remainder when 482 is divided by v.
68
What is the remainder when 17892 is divided by 4/(-14 + (-4920)/(-348))?
28
Suppose -6573 - 43152 = -85*u. What is the remainder when u is divided by 161?
102
Suppose -25*u + 104 + 442 = 14*u. Calculate the remainder when 824 is divided by u.
12
Let h = 40 + -32. Let l be 8/(-14)*(-28)/h. Suppose -b + 14 + 67 = -l*m, -4*b = -5*m - 309. What is the remainder when b is divided by 37?
34
Let m = 1805 - 1626. Calculate the remainder when 369 is divided by m.
11
Let n(d) = -2*d**2 - d + 1. Let c(y) = 11*y**2 + 46*y - 39. Let u(g) = c(g) + 6*n(g). Calculate the remainder when u(34) is divided by 6.
3
Let h(m) = -m**2 - 32*m - 81. Let s = -13 + 26. What is the remainder when h(-23) is divided by s?
9
Suppose 10*p = -0*p + 830. Let s = -22 + p. Let d = 70 - s. What is the remainder when 31 is divided by d?
4
Let x = 8160 + -8085. Calculate the remainder when 230 is divided by x.
5
Let u(k) = 2*k**3 + 28*k**2 + 16*k + 160. Calculate the remainder when 605 is divided by u(-12).
61
Suppose -4*z + 70 = 2*b, -5*b = -6*z + 8*z - 15. Let r = 81 + z. What is the remainder when r is divided by 26?
23
Suppose -5812 - 1348 = -179*m. What is the remainder when 110 is divided by m?
30
Let o = 47 + -22. Let a be 72/15*80/(-24). Let p(u) = -16*u - 182. Calculate the remainder when p(a) is divided by o.
24
Calculate the remainder when (2/5 + 78/130)/(1/607) is divided by 21.
19
Let a = -9 - -1. Let l be 10*(4 + 44/a + 1). Let m(d) = 2*d**2 - 8*d - 17. What is the remainder when m(l) is divided by 20?
13
Let g be (-20)/12 - (-1 + 12/9). Let i be g/14 - 148/(-7). Let q = 46 - i. What is the remainder when q is divided by 13?
12
Let p(s) = 4*s**2 + 30*s - 70. What is the remainder when p(-13) is divided by 9?
0
Suppose -13*z - 4*c = -8*z - 9803, -4*z = -2*c - 7806. What is the remainder when 1955 is divided by z?
0
Let b(d) = 1272*d - 246. Calculate the remainder when b(4) is divided by 15.
12
What is the remainder when 2774 is divided by (1232/14)/22 + 3 + -6?
0
Let p(n) = n**3 - 12*n**2 + 37*n + 89. Calculate the remainder when p(9) is divided by 20.
19
Let f(x) = 26*x**2 - 194*x - 104. What is the remainder when 936 is divided by f(8)?
0
Let t be 4/(-30) + 68096/420. Suppose -10*r + 1718 = -t. What is the remainder when r is divided by 48?
44
Suppose 0 = -19*g + 216 - 4909. Let w = -234 - g. Calculate the remainder when 127 is divided by w.
10
Let f be (-1 - -18) + -1 + 12/4. Suppose 5*k - 82 = -2*x, k + f - 54 = -x. What is the remainder when (-290)/(-3) - 4 - (-2)/(-3) is divided by x?
30
Let g(h) = -45*h**3 - h**2 - 4*h - 2. Let a be 4 - (-6)/(-4)*-2. Suppose 19 = a*o + 26. Calculate the remainder when g(o) is divided by 8.
6
Suppose 23 + 302 = 65*x. Calculate the remainder when 47 is divided by x.
2
Let n(j) = -202*j - 1801. Let l(w) = -w + 3. Let z be l(9). What is the remainder when ((-150)/(-8))/(z/(-16)) is divided by n(-9)?
16
Let a = 82 + -91. What is the remainder when 34 is divided by 7 + a + 3 + 3?
2
Suppose -43*l + 41*l + 12 = 0. Suppose 8 = -l*a + 7*a. What is the remainder when 46 is divided by a?
6
Let q be (1032/(-60))/(2/20). Let t(y) = 8*y**2 + 2*y + 4. Calculate the remainder when t(-6) is divided by ((-6063)/q)/(6/(-8)*-1).
45
Let o(a) = a**2 - a. Let z(g) = 2*g**2 - 8*g + 24. Let f(m) = 3*o(m) - z(m). Suppose 16 = -3*v - 17. What is the remainder when f(v) is divided by 15?
12
Let k = -1750 - -1851. Calculate the remainder when 305 is divided by k.
2
What is the remainder when 177 is divided by (-3)/(-6)*-6 + 3 - -37?
29
Suppose -10*b - 1237 = 817 - 2674. What is the remainder when 344 is divided by b?
34
Let t be (-2 + 8)*(-7 + 8). Suppose t*q - 133 - 137 = 0. What is the remainder when q is divided by 7?
3
Suppose -u = 4*w - 112, -655*w + 34 = -653*w - 5*u. Let z = -11 + 26. What is the remainder when w is divided by z?
12
Let r(c) = -11*c. Suppose i + d + 0*d + 58 = 0, 0 = 4*i - 3*d + 253. Let g = 124 + i. Calculate the remainder when g is divided by r(-3).
30
What is the rem